) in base 13?
10118b5
2784 (base 10) to base 12
1740
What is 135c7 (base 14) in base 9?
72514
-13323a (base 11) to base 14
-56388
2601364 (base 7) to base 2
1010010001100100100
Convert -3a4101 (base 11) to base 3.
-1012021001212
Convert -1301417 (base 8) to base 2.
-1011000001100001111
What is -74c710 (base 13) in base 3?
-12011020202011
Convert 5170560 (base 8) to base 4.
11033011300
132412 (base 8) to base 11
31903
-a4ad4d (base 15) to base 2
-11101111000010110100110
What is -6683a6 (base 11) in base 16?
-10413f
-74947 (base 10) to base 4
-102103003
What is -10111111101001010001011 (base 2) in base 5?
-3101423234
Convert -69600 (base 14) to base 13.
-8c8c8
Convert -38a5ab (base 12) to base 6.
-31535535
1322964 (base 10) to base 6
44204500
Convert 11025c (base 16) to base 2.
100010000001001011100
What is -2012200 (base 5) in base 11?
-221a0
10001110000101010 (base 2) to base 7
422042
Convert 35a3 (base 12) to base 16.
178b
What is 214543030 (base 6) in base 4?
32300330322
Convert 440730 (base 9) to base 10.
263034
Convert -17629 (base 10) to base 8.
-42335
-5a0991 (base 12) to base 16
-162b7d
23313310 (base 4) to base 6
1013044
-c3131 (base 13) to base 14
-91548
What is 6750625 (base 8) in base 9?
3377764
303842 (base 9) to base 4
223330310
1422b5a (base 12) to base 15
5486b4
What is -100111100000001 (base 2) in base 7?
-112652
Convert 543a9 (base 11) to base 8.
232243
Convert -11101002121121 (base 3) to base 2.
-1000110111100000010100
Convert -a4a50 (base 14) to base 7.
-3242630
9638 (base 11) to base 4
3013022
What is 28a806 (base 11) in base 2?
1101110101110001010
-100011100100110101101 (base 2) to base 16
-11c9ad
-1010000101011011011100 (base 2) to base 13
-717409
Convert -303613 (base 9) to base 10.
-179832
Convert 1979389 (base 11) to base 4.
30232130022
What is 2550000 (base 6) in base 10?
138672
Convert 1264437 (base 10) to base 3.
2101020111000
Convert 325124542 (base 6) to base 11.
3331297
Convert -345a25 (base 13) to base 11.
-778287
What is -4bf1b4 (base 16) in base 8?
-22770664
178141 (base 9) to base 13
3b64a
What is -4052222 (base 6) in base 9?
-324535
Convert 172d2 (base 15) to base 12.
37415
16718bb (base 13) to base 3
111122202101010
What is -427990 (base 10) in base 13?
-11ca64
Convert -4331705 (base 9) to base 13.
-6349b2
20542142 (base 6) to base 9
1121108
9971481 (base 10) to base 8
46023431
-12111121001 (base 3) to base 4
-122130211
-327770 (base 8) to base 13
-3b446
What is -142711 (base 9) in base 13?
-30997
Convert -17747236 (base 8) to base 2.
-1111111100111010011110
Convert -402e8 (base 15) to base 2.
-110001100110100000
What is 10424223 (base 5) in base 2?
10110100100010110
Convert 281017 (base 10) to base 5.
32443032
-64869 (base 10) to base 15
-14349
Convert 401011101 (base 5) to base 7.
16264132
What is 1011111100011101101 (base 2) in base 13?
109201
What is 12154311 (base 6) in base 16?
5ed83
Convert -46c16 (base 15) to base 10.
-225471
Convert 6a6b6 (base 16) to base 11.
278548
Convert 515443 (base 7) to base 11.
60444
-121807 (base 9) to base 16
-11f53
What is -896a7 (base 13) in base 12?
-100404
-64024 (base 12) to base 15
-28dc1
-144101423 (base 7) to base 8
-44326264
5156030 (base 8) to base 11
854106
-96812 (base 11) to base 15
-2ba76
Convert 35cc48 (base 14) to base 12.
749400
2ccc7 (base 15) to base 16
234fd
-14214040 (base 5) to base 14
-3bd2c
What is 1100001111101101100 (base 2) in base 13?
110842
-512037 (base 8) to base 6
-3342211
-247699 (base 11) to base 15
-7abe7
What is 14208 (base 13) in base 6?
450303
What is 3142130231 (base 5) in base 15?
8a5311
-118408 (base 10) to base 7
-1002133
733164 (base 8) to base 16
3b674
Convert 153515115 (base 7) to base 2.
100111011000011011011011
123562 (base 7) to base 12
11327
5443 (base 13) to base 14
43ac
Convert -e6846 (base 15) to base 6.
-23355350
1065161 (base 7) to base 5
13240422
What is -340743 (base 8) in base 10?
-115171
-11010011101011110110010 (base 2) to base 16
-69d7b2
Convert -12937312 (base 10) to base 11.
-7336aa3
-21110110 (base 4) to base 5
-2210124
Convert 474a56 (base 12) to base 15.
17a633
-11030033 (base 4) to base 11
-14a80
What is 38b5440 (base 12) in base 8?
52527460
-197481 (base 11) to base 14
-7c462
2015442 (base 6) to base 16
17672
23322001 (base 5) to base 3
101212112222
What is -12020010002100 (base 3) in base 9?
-5203070
Convert -89213 (base 11) to base 5.
-13114423
3aaab4 (base 14) to base 11
1165070
Convert -12202036 (base 8) to base 2.
-1010010000010000011110
-99686 (base 11) to base 5
-14111233
What is 200424301 (base 5) in base 14?
169d0c
3635016 (base 9) to base 16
1e16f8
Convert 24669a4 (base 13) to base 12.
3961995
118352 (base 9) to base 10
71732
Convert -213031310 (base 4) to base 3.
-22011100012
-736606 (base 10) to base 2
-10110011110101011110
What is -11011222110020 (base 3) in base 10?
-2223780
What is 3424130032 (base 5) in base 8?
35124712
1151550551 (base 6) to base 13
298b799
What is 131122233 (base 4) in base 13?
42acb
What is 21318478 (base 9) in base 11?
5897014
105a8a (base 14) to base 3
1001010102200
Convert -1707019 (base 10) to base 8.
-6406013
What is -63051 (base 16) in base 14?
-a7b45
-603365 (base 8) to base 3
-101002010202
What is 8951 (base 14) in base 3?
1012122000
Convert -97960b (base 12) to base 16.
-24a32b
Convert d50ddd (base 16) to base 7.
226452426
-145441230 (base 6) to base 9
-5687170
-210044100 (base 5) to base 13
-2426c6
325700 (base 9) to base 6
4100213
100000000100010100 (base 2) to base 12
64018
Convert -10122301030 (base 4) to base 15.
-17d29a
What is -1252305 (base 6) in base 3?
-10111222012
What is 4422244 (base 7) in base 5?
114342232
-202212000012 (base 3) to base 7
-3326411
What is 2542426 (base 8) in base 14?
145314
135556 (base 7) to base 5
1313021
What is 7dabe (base 16) in base 6?
15011034
40204124 (base 5) to base 14
84505
What is 34050357 (base 8) in base 9?
14758042
What is -1465223 (base 7) in base 13?
-70703
-348ae6 (base 16) to base 13
-937443
2403004 (base 6) to base 5
13000233
Convert -114012232 (base 5) to base 2.
-10000001111011100000
212656 (base 9) to base 10
126654
-50d13 (base 15) to base 4
-332201010
323467 (base 8) to base 4
122130313
Convert -30150255 (base 6) to base 8.
-3204233
Convert da2c (base 15) to base 13.
18024
What is 440404334 (base 6) in base 2?
11110000001011101100010
-10001001001101110 (base 2) to base 9
-116330
Convert -4040d3 (base 14) to base 4.
-20033330121
Convert 1736221 (base 9) to base 3.
1211020020201
108264 (base 9) to base 7
360541
-2522554 (base 9) to base 2
-101001111001111101001
Convert -5151132 (base 6) to base 3.
-110120221002
4004363 (base 9) to base 12
868070
Convert 12014020 (base 5) to base 16.
1afae
-112212422 (base 6) to base 15
-2ad652
What is -2004043 (base 6) in base 4?
-112333323
-2104f (base 16) to base 2
-100001000001001111
Convert 11563562 (base 8) to base 13.
6b3666
98f9f (base 16) to base 6
21232515
Convert -12be2f (base 16) to base 8.
-4537057
Convert 1220122211101 (base 3) to base 11.
634a61
What is -153453015 (base 6) in base 14?
-60b1d1
What is -1050220 (base 6) in base 2?
-1100111111100100
-10000101111111000110 (base 2) to base 6
-15432434
200222013130 (base 4) to base 9
17087571
Convert 3ec46 (base 16) to base 13.
90036
323023112 (base 4) to base 5
30224030
What is -20100111101 (base 3) in base 12?
-60424
What is -344b41 (base 12) in base 8?
-3144541
-1846a6 (base 15) to base 6
-41140033
4034623 (base 7) to base 6
14135454
-1000011110100000000100 (base 2) to base 3
-11011220010102
175235 (base 9) to base 5
11440230
6366721 (base 8) to base 2
110011110110111010001
What is -1421444421 (base 5) in base 4?
-32020011013
What is -a14b3f (base 16) in base 12?
-365927b
What is 267271 (base 11) in base 9?
708505
What is -c36675 (base 16) in base 3?
-220002121012000
What is 10001100011100000111 (base 2) in base 14?
10d8c7
41364 (base 13) to base 8
344446
Convert 47746300 (base 8) to base 10.
10472640
What is -12201044 (base 5) in base 16?
-1c43e
What is 13320204 (base 6) in base 8?
1546714
Convert 23cd1 (base 14) to base 10.
87599
20320301 (base 4) to base 13
13751
-512451 (base 12) to base 10
-1268989
What is -a61049 (base 13) in base 3?
-21022110100110
What is -1424332344 (base 5) in base 13?
-a1206b
Conver